hundred thousands digit of 792350821?
3
What is the units digit of 7893682?
2
What is the thousands digit of 1580186244?
6
What is the ten millions digit of 399536782?
9
What is the hundreds digit of 2661818494?
4
What is the units digit of 444009509?
9
What is the millions digit of 484693991?
4
What is the ten millions digit of 33699550?
3
What is the hundred thousands digit of 2252709578?
7
What is the hundreds digit of 203109683?
6
What is the ten thousands digit of 74000315?
0
What is the hundred millions digit of 1127887214?
1
What is the millions digit of 38764395?
8
What is the hundred millions digit of 127988357?
1
What is the thousands digit of 769653463?
3
What is the tens digit of 100858836?
3
What is the hundreds digit of 615912774?
7
What is the ten thousands digit of 6734775?
3
What is the ten millions digit of 110420994?
1
What is the hundreds digit of 2426378755?
7
What is the ten millions digit of 2496664290?
9
What is the millions digit of 64131120?
4
What is the hundreds digit of 87569215?
2
What is the tens digit of 1243137278?
7
What is the hundred thousands digit of 1518113171?
1
What is the ten millions digit of 103213276?
0
What is the hundred thousands digit of 71394264?
3
What is the tens digit of 75481729?
2
What is the hundred millions digit of 716090817?
7
What is the thousands digit of 22278782?
8
What is the hundreds digit of 805577196?
1
What is the hundreds digit of 72409887?
8
What is the tens digit of 756540848?
4
What is the tens digit of 293097107?
0
What is the hundred thousands digit of 58245440?
2
What is the ten millions digit of 69665432?
6
What is the ten thousands digit of 328721297?
2
What is the hundreds digit of 1414816804?
8
What is the ten thousands digit of 334604033?
0
What is the hundred millions digit of 487195507?
4
What is the tens digit of 149303800?
0
What is the tens digit of 402167068?
6
What is the ten thousands digit of 811876339?
7
What is the ten millions digit of 31413849?
3
What is the thousands digit of 120306617?
6
What is the hundreds digit of 1912729792?
7
What is the millions digit of 4506271443?
6
What is the tens digit of 2074894845?
4
What is the units digit of 9093027?
7
What is the hundreds digit of 4104834284?
2
What is the ten millions digit of 880024389?
8
What is the ten millions digit of 60284934?
6
What is the ten thousands digit of 5092929399?
2
What is the millions digit of 42009745?
2
What is the tens digit of 204612719?
1
What is the thousands digit of 457934410?
4
What is the units digit of 255720039?
9
What is the hundred millions digit of 638179302?
6
What is the hundreds digit of 344462439?
4
What is the ten millions digit of 13425733?
1
What is the hundred millions digit of 739495463?
7
What is the tens digit of 115408637?
3
What is the units digit of 43038910?
0
What is the ten millions digit of 506892966?
0
What is the ten thousands digit of 47900690?
0
What is the tens digit of 71431367?
6
What is the hundreds digit of 71939953?
9
What is the hundreds digit of 35075010?
0
What is the ten millions digit of 93988529?
9
What is the thousands digit of 508397751?
7
What is the ten millions digit of 3715467062?
1
What is the ten thousands digit of 1287013788?
1
What is the units digit of 2993866821?
1
What is the hundreds digit of 457184514?
5
What is the hundreds digit of 557166152?
1
What is the hundred thousands digit of 1119183695?
1
What is the thousands digit of 24926089?
6
What is the hundreds digit of 579056618?
6
What is the hundreds digit of 70214507?
5
What is the thousands digit of 656755400?
5
What is the millions digit of 1983718760?
3
What is the thousands digit of 55512568?
2
What is the thousands digit of 18333178?
3
What is the thousands digit of 5434415917?
5
What is the tens digit of 191352649?
4
What is the hundred thousands digit of 3012252266?
2
What is the hundreds digit of 154919941?
9
What is the millions digit of 53267859?
3
What is the hundred thousands digit of 363790524?
7
What is the tens digit of 42454745?
4
What is the millions digit of 38281116?
8
What is the hundred millions digit of 527015032?
5
What is the ten thousands digit of 128301365?
0
What is the tens digit of 148172986?
8
What is the millions digit of 269112375?
9
What is the tens digit of 136949677?
7
What is the units digit of 148583257?
7
What is the units digit of 131089568?
8
What is the hundred millions digit of 215839359?
2
What is the hundred thousands digit of 212382788?
3
What is the hundred millions digit of 6501715869?
5
What is the hundreds digit of 2266576676?
6
What is the hundred thousands digit of 33179146?
1
What is the hundred thousands digit of 5760418?
7
What is the thousands digit of 76045536?
5
What is the hundred thousands digit of 56398238?
3
What is the hundreds digit of 71937871?
8
What is the thousands digit of 2042619334?
9
What is the hundred thousands digit of 3782886052?
8
What is the hundred thousands digit of 3697646?
6
What is the hundred thousands digit of 41548028?
5
What is the hundreds digit of 46780865?
8
What is the thousands digit of 93617065?
7
What is the units digit of 125981664?
4
What is the ten thousands digit of 744053581?
5
What is the hundred thousands digit of 607871637?
8
What is the units digit of 55685530?
0
What is the tens digit of 3842197?
9
What is the tens digit of 69619782?
8
What is the hundred thousands digit of 44618338?
6
What is the tens digit of 231701591?
9
What is the hundred millions digit of 142840219?
1
What is the thousands digit of 54280351?
0
What is the ten millions digit of 37618033?
3
What is the hundred thousands digit of 3636346?
6
What is the millions digit of 100080716?
0
What is the tens digit of 28930609?
0
What is the tens digit of 478364911?
1
What is the hundred millions digit of 128103508?
1
What is the billions digit of 1996116224?
1
What is the hundred millions digit of 1330371884?
3
What is the hundreds digit of 507510619?
6
What is the hundreds digit of 2869463172?
1
What is the thousands digit of 38751058?
1
What is the ten thousands digit of 450614791?
1
What is the hundred millions digit of 173939505?
1
What is the ten millions digit of 22201277?
2
What is the units digit of 445781037?
7
What is the millions digit of 76662607?
6
What is the millions digit of 75110166?
5
What is the thousands digit of 2516569932?
9
What is the ten millions digit of 125418300?
2
What is the billions digit of 5367378225?
5
What is the tens digit of 1768021163?
6
What is the ten millions digit of 656870432?
5
What is the ten thousands digit of 1239342979?
4
What is the hundred thousands digit of 5158723288?
7
What is the millions digit of 18628609?
8
What is the ten thousands digit of 1608471796?
7
What is the units digit of 11992077?
7
What is the hundred thousands digit of 1536743581?
7
What is the thousands digit of 68162273?
2
What is the tens digit of 16505964?
6
What is the ten thousands digit of 2571829587?
2
What is the ten thousands digit of 911922495?
2
What is the tens digit of 337455276?
7
What is the millions digit of 39337936?
9
What is the ten thousands digit of 33299178?
9
What is the hundred thousands digit of 50185430?
1
What is the hundred thousands digit of 708675634?
6
What is the ten millions digit of 32292657?
3
What is the ten thousands digit of 194337288?
3
What is the thousands digit of 98874986?
4
What is the ten millions digit of 45445457?
4
What is the ten millions digit of 1164150254?
6
What is the thousands digit of 39257775?
7
What is the tens digit of 259151903?
0
What is the ten millions digit of 76444332?
7
What is the tens digit of 992011282?
8
What is the hundreds digit of 7966478?
4
What is the hundred thousands digit of 57370607?
3
What is the hundreds digit of 781645397?
3
What is the ten thousands digit of 267098829?
9
What is the tens digit of 96697879?
7
What is the hundreds digit of 35012703?
7
What is the hundreds digit of 3292597012?
0
What is the ten thousands digit of 199303426?
0
What is the units digit of 6259948271?
1
What is the hundred thousands digit of 3913620601?
6
What is the hundreds digit of 14251849?
8
What is the hundred millions digit of 1068017604?
0
What is the billions digit of 3599357745?
3
What is the hundreds digit of 2